{"id":60601,"date":"2025-10-08T21:00:00","date_gmt":"2025-10-09T00:00:00","guid":{"rendered":"https:\/\/www.movingfitnesswear.com\/catalogo\/?post_type=product&#038;p=60601"},"modified":"2025-10-30T10:44:19","modified_gmt":"2025-10-30T13:44:19","slug":"biquini-cortininha-jacquard-dunas-oliva","status":"publish","type":"product","link":"https:\/\/www.movingfitnesswear.com\/catalogo\/catalog\/biquini-cortininha-jacquard-dunas-oliva\/","title":{"rendered":"BIQU\u00cdNI CORTININHA JACQUARD DUNAS OLIVA"},"content":{"rendered":"","protected":false},"excerpt":{"rendered":"<p>Formas esculpidas pelo vento em sua vers\u00e3o mais s\u00f3bria e imponente. Jacquard Dunas Verde Oliva \u00e9 um tecido texturizado que une profundidade e naturalidade em relevo marcante, traduzindo for\u00e7a contida com sofistica\u00e7\u00e3o atemporal. Movimento ao toque, sobriedade refinada ao olhar. Uma escolha que fala de eleg\u00e2ncia sem esfor\u00e7o.<\/p>\n<p>Os biqu\u00ednis da Moving s\u00e3o puro encanto, e as suas estampas favoritas n\u00e3o poderiam ser mais deslumbrantes. Escolha o seu toque de estilo e mergulhe na beleza das nossas cria\u00e7\u00f5es!<\/p>\n<p>COMPOSI\u00c7\u00c3O:<br \/>\n91% POLIAMIDA<br \/>\n9% ELASTANO<\/p>\n","protected":false},"featured_media":60678,"template":"","meta":{"_uag_custom_page_level_css":""},"product_brand":[],"product_cat":[136],"product_tag":[2202,2201],"class_list":{"0":"post-60601","1":"product","2":"type-product","3":"status-publish","4":"has-post-thumbnail","6":"product_cat-bikini","7":"product_tag-colecao-vita","8":"product_tag-jacquard-dunas-oliva","9":"","10":"sales-flash-overlay","11":"woocommerce-text-align-center","12":"woocommerce-image-align-center","13":"do-quantity-buttons","14":"xt_wooqv-pos-before","16":"first","17":"instock","18":"sale","19":"shipping-taxable","20":"purchasable","21":"product-type-simple"},"yoast_head":"<!-- This site is optimized with the Yoast SEO plugin v26.5 - https:\/\/yoast.com\/wordpress\/plugins\/seo\/ -->\n<title>BIQU\u00cdNI CORTININHA JACQUARD DUNAS OLIVA - Moving<\/title>\n<meta name=\"description\" content=\"Confira os \u00faltimos lan\u00e7amentos com o nosso Cat\u00e1logo. Conhec\u0327a a originalidade, identidade e exclusividade da MOVING!\" \/>\n<meta name=\"robots\" content=\"index, follow, max-snippet:-1, max-image-preview:large, max-video-preview:-1\" \/>\n<link rel=\"canonical\" href=\"https:\/\/www.movingfitnesswear.com\/catalogo\/catalog\/biquini-cortininha-jacquard-dunas-oliva\/\" \/>\n<meta property=\"og:locale\" content=\"pt_BR\" \/>\n<meta property=\"og:type\" content=\"article\" \/>\n<meta property=\"og:title\" content=\"BIQU\u00cdNI CORTININHA JACQUARD DUNAS OLIVA - Moving\" \/>\n<meta property=\"og:description\" content=\"Confira os \u00faltimos lan\u00e7amentos com o nosso Cat\u00e1logo. Conhec\u0327a a originalidade, identidade e exclusividade da MOVING!\" \/>\n<meta property=\"og:url\" content=\"https:\/\/www.movingfitnesswear.com\/catalogo\/catalog\/biquini-cortininha-jacquard-dunas-oliva\/\" \/>\n<meta property=\"og:site_name\" content=\"Moving\" \/>\n<meta property=\"article:modified_time\" content=\"2025-10-30T13:44:19+00:00\" \/>\n<meta property=\"og:image\" content=\"https:\/\/www.movingfitnesswear.com\/catalogo\/wp-content\/uploads\/2025\/10\/jacquard-dunas-oliva-biquini-cortininha-jacquard-dunas-oliva-2025-10-10-01-2.jpg\" \/>\n\t<meta property=\"og:image:width\" content=\"1415\" \/>\n\t<meta property=\"og:image:height\" content=\"1415\" \/>\n\t<meta property=\"og:image:type\" content=\"image\/jpeg\" \/>\n<meta name=\"twitter:card\" content=\"summary_large_image\" \/>\n<script type=\"application\/ld+json\" class=\"yoast-schema-graph\">{\"@context\":\"https:\/\/schema.org\",\"@graph\":[{\"@type\":\"WebPage\",\"@id\":\"https:\/\/www.movingfitnesswear.com\/catalogo\/catalog\/biquini-cortininha-jacquard-dunas-oliva\/\",\"url\":\"https:\/\/www.movingfitnesswear.com\/catalogo\/catalog\/biquini-cortininha-jacquard-dunas-oliva\/\",\"name\":\"BIQU\u00cdNI CORTININHA JACQUARD DUNAS OLIVA - Moving\",\"isPartOf\":{\"@id\":\"https:\/\/www.movingfitnesswear.com\/catalogo\/#website\"},\"primaryImageOfPage\":{\"@id\":\"https:\/\/www.movingfitnesswear.com\/catalogo\/catalog\/biquini-cortininha-jacquard-dunas-oliva\/#primaryimage\"},\"image\":{\"@id\":\"https:\/\/www.movingfitnesswear.com\/catalogo\/catalog\/biquini-cortininha-jacquard-dunas-oliva\/#primaryimage\"},\"thumbnailUrl\":\"https:\/\/www.movingfitnesswear.com\/catalogo\/wp-content\/uploads\/2025\/10\/jacquard-dunas-oliva-biquini-cortininha-jacquard-dunas-oliva-2025-10-10-01-2.jpg\",\"datePublished\":\"2025-10-09T00:00:00+00:00\",\"dateModified\":\"2025-10-30T13:44:19+00:00\",\"description\":\"Confira os \u00faltimos lan\u00e7amentos com o nosso Cat\u00e1logo. Conhec\u0327a a originalidade, identidade e exclusividade da MOVING!\",\"breadcrumb\":{\"@id\":\"https:\/\/www.movingfitnesswear.com\/catalogo\/catalog\/biquini-cortininha-jacquard-dunas-oliva\/#breadcrumb\"},\"inLanguage\":\"pt-BR\",\"potentialAction\":[{\"@type\":\"ReadAction\",\"target\":[\"https:\/\/www.movingfitnesswear.com\/catalogo\/catalog\/biquini-cortininha-jacquard-dunas-oliva\/\"]}]},{\"@type\":\"ImageObject\",\"inLanguage\":\"pt-BR\",\"@id\":\"https:\/\/www.movingfitnesswear.com\/catalogo\/catalog\/biquini-cortininha-jacquard-dunas-oliva\/#primaryimage\",\"url\":\"https:\/\/www.movingfitnesswear.com\/catalogo\/wp-content\/uploads\/2025\/10\/jacquard-dunas-oliva-biquini-cortininha-jacquard-dunas-oliva-2025-10-10-01-2.jpg\",\"contentUrl\":\"https:\/\/www.movingfitnesswear.com\/catalogo\/wp-content\/uploads\/2025\/10\/jacquard-dunas-oliva-biquini-cortininha-jacquard-dunas-oliva-2025-10-10-01-2.jpg\",\"width\":1415,\"height\":1415},{\"@type\":\"BreadcrumbList\",\"@id\":\"https:\/\/www.movingfitnesswear.com\/catalogo\/catalog\/biquini-cortininha-jacquard-dunas-oliva\/#breadcrumb\",\"itemListElement\":[{\"@type\":\"ListItem\",\"position\":1,\"name\":\"In\u00edcio\",\"item\":\"https:\/\/www.movingfitnesswear.com\/catalogo\/\"},{\"@type\":\"ListItem\",\"position\":2,\"name\":\"Cat\u00e1logo\",\"item\":\"https:\/\/www.movingfitnesswear.com\/catalogo\/catalog\/\"},{\"@type\":\"ListItem\",\"position\":3,\"name\":\"BIQU\u00cdNI CORTININHA JACQUARD DUNAS OLIVA\"}]},{\"@type\":\"WebSite\",\"@id\":\"https:\/\/www.movingfitnesswear.com\/catalogo\/#website\",\"url\":\"https:\/\/www.movingfitnesswear.com\/catalogo\/\",\"name\":\"Moving\",\"description\":\"\",\"publisher\":{\"@id\":\"https:\/\/www.movingfitnesswear.com\/catalogo\/#organization\"},\"potentialAction\":[{\"@type\":\"SearchAction\",\"target\":{\"@type\":\"EntryPoint\",\"urlTemplate\":\"https:\/\/www.movingfitnesswear.com\/catalogo\/?s={search_term_string}\"},\"query-input\":{\"@type\":\"PropertyValueSpecification\",\"valueRequired\":true,\"valueName\":\"search_term_string\"}}],\"inLanguage\":\"pt-BR\"},{\"@type\":\"Organization\",\"@id\":\"https:\/\/www.movingfitnesswear.com\/catalogo\/#organization\",\"name\":\"Moving Fitness Wear\",\"url\":\"https:\/\/www.movingfitnesswear.com\/catalogo\/\",\"logo\":{\"@type\":\"ImageObject\",\"inLanguage\":\"pt-BR\",\"@id\":\"https:\/\/www.movingfitnesswear.com\/catalogo\/#\/schema\/logo\/image\/\",\"url\":\"https:\/\/www.movingfitnesswear.com\/wp-content\/uploads\/2021\/07\/logo.jpg\",\"contentUrl\":\"https:\/\/www.movingfitnesswear.com\/wp-content\/uploads\/2021\/07\/logo.jpg\",\"width\":650,\"height\":650,\"caption\":\"Moving Fitness Wear\"},\"image\":{\"@id\":\"https:\/\/www.movingfitnesswear.com\/catalogo\/#\/schema\/logo\/image\/\"}}]}<\/script>\n<!-- \/ Yoast SEO plugin. -->","yoast_head_json":{"title":"BIQU\u00cdNI CORTININHA JACQUARD DUNAS OLIVA - Moving","description":"Confira os \u00faltimos lan\u00e7amentos com o nosso Cat\u00e1logo. Conhec\u0327a a originalidade, identidade e exclusividade da MOVING!","robots":{"index":"index","follow":"follow","max-snippet":"max-snippet:-1","max-image-preview":"max-image-preview:large","max-video-preview":"max-video-preview:-1"},"canonical":"https:\/\/www.movingfitnesswear.com\/catalogo\/catalog\/biquini-cortininha-jacquard-dunas-oliva\/","og_locale":"pt_BR","og_type":"article","og_title":"BIQU\u00cdNI CORTININHA JACQUARD DUNAS OLIVA - Moving","og_description":"Confira os \u00faltimos lan\u00e7amentos com o nosso Cat\u00e1logo. Conhec\u0327a a originalidade, identidade e exclusividade da MOVING!","og_url":"https:\/\/www.movingfitnesswear.com\/catalogo\/catalog\/biquini-cortininha-jacquard-dunas-oliva\/","og_site_name":"Moving","article_modified_time":"2025-10-30T13:44:19+00:00","og_image":[{"width":1415,"height":1415,"url":"https:\/\/www.movingfitnesswear.com\/catalogo\/wp-content\/uploads\/2025\/10\/jacquard-dunas-oliva-biquini-cortininha-jacquard-dunas-oliva-2025-10-10-01-2.jpg","type":"image\/jpeg"}],"twitter_card":"summary_large_image","schema":{"@context":"https:\/\/schema.org","@graph":[{"@type":"WebPage","@id":"https:\/\/www.movingfitnesswear.com\/catalogo\/catalog\/biquini-cortininha-jacquard-dunas-oliva\/","url":"https:\/\/www.movingfitnesswear.com\/catalogo\/catalog\/biquini-cortininha-jacquard-dunas-oliva\/","name":"BIQU\u00cdNI CORTININHA JACQUARD DUNAS OLIVA - Moving","isPartOf":{"@id":"https:\/\/www.movingfitnesswear.com\/catalogo\/#website"},"primaryImageOfPage":{"@id":"https:\/\/www.movingfitnesswear.com\/catalogo\/catalog\/biquini-cortininha-jacquard-dunas-oliva\/#primaryimage"},"image":{"@id":"https:\/\/www.movingfitnesswear.com\/catalogo\/catalog\/biquini-cortininha-jacquard-dunas-oliva\/#primaryimage"},"thumbnailUrl":"https:\/\/www.movingfitnesswear.com\/catalogo\/wp-content\/uploads\/2025\/10\/jacquard-dunas-oliva-biquini-cortininha-jacquard-dunas-oliva-2025-10-10-01-2.jpg","datePublished":"2025-10-09T00:00:00+00:00","dateModified":"2025-10-30T13:44:19+00:00","description":"Confira os \u00faltimos lan\u00e7amentos com o nosso Cat\u00e1logo. Conhec\u0327a a originalidade, identidade e exclusividade da MOVING!","breadcrumb":{"@id":"https:\/\/www.movingfitnesswear.com\/catalogo\/catalog\/biquini-cortininha-jacquard-dunas-oliva\/#breadcrumb"},"inLanguage":"pt-BR","potentialAction":[{"@type":"ReadAction","target":["https:\/\/www.movingfitnesswear.com\/catalogo\/catalog\/biquini-cortininha-jacquard-dunas-oliva\/"]}]},{"@type":"ImageObject","inLanguage":"pt-BR","@id":"https:\/\/www.movingfitnesswear.com\/catalogo\/catalog\/biquini-cortininha-jacquard-dunas-oliva\/#primaryimage","url":"https:\/\/www.movingfitnesswear.com\/catalogo\/wp-content\/uploads\/2025\/10\/jacquard-dunas-oliva-biquini-cortininha-jacquard-dunas-oliva-2025-10-10-01-2.jpg","contentUrl":"https:\/\/www.movingfitnesswear.com\/catalogo\/wp-content\/uploads\/2025\/10\/jacquard-dunas-oliva-biquini-cortininha-jacquard-dunas-oliva-2025-10-10-01-2.jpg","width":1415,"height":1415},{"@type":"BreadcrumbList","@id":"https:\/\/www.movingfitnesswear.com\/catalogo\/catalog\/biquini-cortininha-jacquard-dunas-oliva\/#breadcrumb","itemListElement":[{"@type":"ListItem","position":1,"name":"In\u00edcio","item":"https:\/\/www.movingfitnesswear.com\/catalogo\/"},{"@type":"ListItem","position":2,"name":"Cat\u00e1logo","item":"https:\/\/www.movingfitnesswear.com\/catalogo\/catalog\/"},{"@type":"ListItem","position":3,"name":"BIQU\u00cdNI CORTININHA JACQUARD DUNAS OLIVA"}]},{"@type":"WebSite","@id":"https:\/\/www.movingfitnesswear.com\/catalogo\/#website","url":"https:\/\/www.movingfitnesswear.com\/catalogo\/","name":"Moving","description":"","publisher":{"@id":"https:\/\/www.movingfitnesswear.com\/catalogo\/#organization"},"potentialAction":[{"@type":"SearchAction","target":{"@type":"EntryPoint","urlTemplate":"https:\/\/www.movingfitnesswear.com\/catalogo\/?s={search_term_string}"},"query-input":{"@type":"PropertyValueSpecification","valueRequired":true,"valueName":"search_term_string"}}],"inLanguage":"pt-BR"},{"@type":"Organization","@id":"https:\/\/www.movingfitnesswear.com\/catalogo\/#organization","name":"Moving Fitness Wear","url":"https:\/\/www.movingfitnesswear.com\/catalogo\/","logo":{"@type":"ImageObject","inLanguage":"pt-BR","@id":"https:\/\/www.movingfitnesswear.com\/catalogo\/#\/schema\/logo\/image\/","url":"https:\/\/www.movingfitnesswear.com\/wp-content\/uploads\/2021\/07\/logo.jpg","contentUrl":"https:\/\/www.movingfitnesswear.com\/wp-content\/uploads\/2021\/07\/logo.jpg","width":650,"height":650,"caption":"Moving Fitness Wear"},"image":{"@id":"https:\/\/www.movingfitnesswear.com\/catalogo\/#\/schema\/logo\/image\/"}}]}},"uagb_featured_image_src":{"full":["https:\/\/www.movingfitnesswear.com\/catalogo\/wp-content\/uploads\/2025\/10\/jacquard-dunas-oliva-biquini-cortininha-jacquard-dunas-oliva-2025-10-10-01-2.jpg",1415,1415,false],"thumbnail":["https:\/\/www.movingfitnesswear.com\/catalogo\/wp-content\/uploads\/2025\/10\/jacquard-dunas-oliva-biquini-cortininha-jacquard-dunas-oliva-2025-10-10-01-2-150x150.jpg",150,150,true],"medium":["https:\/\/www.movingfitnesswear.com\/catalogo\/wp-content\/uploads\/2025\/10\/jacquard-dunas-oliva-biquini-cortininha-jacquard-dunas-oliva-2025-10-10-01-2-300x300.jpg",300,300,true],"medium_large":["https:\/\/www.movingfitnesswear.com\/catalogo\/wp-content\/uploads\/2025\/10\/jacquard-dunas-oliva-biquini-cortininha-jacquard-dunas-oliva-2025-10-10-01-2-768x768.jpg",768,768,true],"large":["https:\/\/www.movingfitnesswear.com\/catalogo\/wp-content\/uploads\/2025\/10\/jacquard-dunas-oliva-biquini-cortininha-jacquard-dunas-oliva-2025-10-10-01-2.jpg",1415,1415,false],"1536x1536":["https:\/\/www.movingfitnesswear.com\/catalogo\/wp-content\/uploads\/2025\/10\/jacquard-dunas-oliva-biquini-cortininha-jacquard-dunas-oliva-2025-10-10-01-2.jpg",1415,1415,false],"2048x2048":["https:\/\/www.movingfitnesswear.com\/catalogo\/wp-content\/uploads\/2025\/10\/jacquard-dunas-oliva-biquini-cortininha-jacquard-dunas-oliva-2025-10-10-01-2.jpg",1415,1415,false],"woocommerce_thumbnail":["https:\/\/www.movingfitnesswear.com\/catalogo\/wp-content\/uploads\/2025\/10\/jacquard-dunas-oliva-biquini-cortininha-jacquard-dunas-oliva-2025-10-10-01-2-375x375.jpg",375,375,true],"woocommerce_single":["https:\/\/www.movingfitnesswear.com\/catalogo\/wp-content\/uploads\/2025\/10\/jacquard-dunas-oliva-biquini-cortininha-jacquard-dunas-oliva-2025-10-10-01-2-600x600.jpg",600,600,true],"woocommerce_gallery_thumbnail":["https:\/\/www.movingfitnesswear.com\/catalogo\/wp-content\/uploads\/2025\/10\/jacquard-dunas-oliva-biquini-cortininha-jacquard-dunas-oliva-2025-10-10-01-2-100x100.jpg",100,100,true],"dgwt-wcas-product-suggestion":["https:\/\/www.movingfitnesswear.com\/catalogo\/wp-content\/uploads\/2025\/10\/jacquard-dunas-oliva-biquini-cortininha-jacquard-dunas-oliva-2025-10-10-01-2-64x64.jpg",64,64,true]},"uagb_author_info":{"display_name":"Kelwin Pereira Mello","author_link":"https:\/\/www.movingfitnesswear.com\/catalogo\/author\/"},"uagb_comment_info":0,"uagb_excerpt":"Formas esculpidas pelo vento em sua vers\u00e3o mais s\u00f3bria e imponente. Jacquard Dunas Verde Oliva \u00e9 um tecido texturizado que une profundidade e naturalidade em relevo marcante, traduzindo for\u00e7a contida com sofistica\u00e7\u00e3o atemporal. Movimento ao toque, sobriedade refinada ao olhar. Uma escolha que fala de eleg\u00e2ncia sem esfor\u00e7o. Os biqu\u00ednis da Moving s\u00e3o puro encanto,&hellip;","_links":{"self":[{"href":"https:\/\/www.movingfitnesswear.com\/catalogo\/wp-json\/wp\/v2\/product\/60601","targetHints":{"allow":["GET"]}}],"collection":[{"href":"https:\/\/www.movingfitnesswear.com\/catalogo\/wp-json\/wp\/v2\/product"}],"about":[{"href":"https:\/\/www.movingfitnesswear.com\/catalogo\/wp-json\/wp\/v2\/types\/product"}],"wp:featuredmedia":[{"embeddable":true,"href":"https:\/\/www.movingfitnesswear.com\/catalogo\/wp-json\/wp\/v2\/media\/60678"}],"wp:attachment":[{"href":"https:\/\/www.movingfitnesswear.com\/catalogo\/wp-json\/wp\/v2\/media?parent=60601"}],"wp:term":[{"taxonomy":"product_brand","embeddable":true,"href":"https:\/\/www.movingfitnesswear.com\/catalogo\/wp-json\/wp\/v2\/product_brand?post=60601"},{"taxonomy":"product_cat","embeddable":true,"href":"https:\/\/www.movingfitnesswear.com\/catalogo\/wp-json\/wp\/v2\/product_cat?post=60601"},{"taxonomy":"product_tag","embeddable":true,"href":"https:\/\/www.movingfitnesswear.com\/catalogo\/wp-json\/wp\/v2\/product_tag?post=60601"}],"curies":[{"name":"wp","href":"https:\/\/api.w.org\/{rel}","templated":true}]}}